129465?
3, 5, 7, 137
What are the prime factors of 238?
2, 7, 17
List the prime factors of 402.
2, 3, 67
List the prime factors of 729.
3
List the prime factors of 8399.
37, 227
List the prime factors of 807.
3, 269
List the prime factors of 2041.
13, 157
List the prime factors of 2921.
23, 127
What are the prime factors of 868?
2, 7, 31
List the prime factors of 10326.
2, 3, 1721
What are the prime factors of 1686?
2, 3, 281
List the prime factors of 1166.
2, 11, 53
List the prime factors of 45851.
13, 3527
What are the prime factors of 70625?
5, 113
List the prime factors of 73094.
2, 7, 23, 227
List the prime factors of 1426.
2, 23, 31
What are the prime factors of 26902?
2, 13451
What are the prime factors of 58935?
3, 5, 3929
What are the prime factors of 28?
2, 7
What are the prime factors of 2181?
3, 727
List the prime factors of 2524.
2, 631
What are the prime factors of 43955?
5, 59, 149
List the prime factors of 704.
2, 11
What are the prime factors of 1960?
2, 5, 7
List the prime factors of 4342.
2, 13, 167
What are the prime factors of 3802?
2, 1901
What are the prime factors of 53213?
127, 419
What are the prime factors of 63090?
2, 3, 5, 701
What are the prime factors of 6017?
11, 547
List the prime factors of 9097.
11, 827
What are the prime factors of 2341?
2341
What are the prime factors of 2246?
2, 1123
What are the prime factors of 398?
2, 199
List the prime factors of 104776.
2, 7, 1871
What are the prime factors of 8605?
5, 1721
List the prime factors of 1007.
19, 53
What are the prime factors of 216?
2, 3
List the prime factors of 1214.
2, 607
List the prime factors of 12829.
12829
List the prime factors of 1578.
2, 3, 263
What are the prime factors of 3114?
2, 3, 173
What are the prime factors of 12086?
2, 6043
List the prime factors of 6253.
13, 37
List the prime factors of 24418.
2, 29, 421
What are the prime factors of 5374?
2, 2687
What are the prime factors of 39459?
3, 7, 1879
List the prime factors of 20832.
2, 3, 7, 31
What are the prime factors of 27598?
2, 13799
List the prime factors of 81150.
2, 3, 5, 541
List the prime factors of 2508.
2, 3, 11, 19
List the prime factors of 17570.
2, 5, 7, 251
What are the prime factors of 878?
2, 439
What are the prime factors of 33812?
2, 79, 107
What are the prime factors of 39708?
2, 3, 1103
List the prime factors of 1318.
2, 659
List the prime factors of 456.
2, 3, 19
What are the prime factors of 900?
2, 3, 5
List the prime factors of 1699.
1699
List the prime factors of 69014.
2, 11, 3137
List the prime factors of 67883.
67883
List the prime factors of 141.
3, 47
What are the prime factors of 55880?
2, 5, 11, 127
What are the prime factors of 3377?
11, 307
What are the prime factors of 651?
3, 7, 31
List the prime factors of 5284.
2, 1321
List the prime factors of 1079.
13, 83
List the prime factors of 1542.
2, 3, 257
List the prime factors of 11363.
11, 1033
What are the prime factors of 2648?
2, 331
What are the prime factors of 12726?
2, 3, 7, 101
List the prime factors of 584.
2, 73
List the prime factors of 449.
449
What are the prime factors of 62991?
3, 2333
What are the prime factors of 1321?
1321
What are the prime factors of 2057?
11, 17
List the prime factors of 2518.
2, 1259
List the prime factors of 1875.
3, 5
List the prime factors of 1316.
2, 7, 47
What are the prime factors of 7778?
2, 3889
List the prime factors of 26941.
29, 929
What are the prime factors of 47413?
17, 2789
List the prime factors of 5781.
3, 41, 47
List the prime factors of 4239.
3, 157
List the prime factors of 79888.
2, 4993
What are the prime factors of 105264?
2, 3, 17, 43
What are the prime factors of 53145?
3, 5, 1181
What are the prime factors of 2598?
2, 3, 433
List the prime factors of 3676.
2, 919
List the prime factors of 3068.
2, 13, 59
List the prime factors of 16761.
3, 37, 151
What are the prime factors of 5054?
2, 7, 19
What are the prime factors of 77864?
2, 9733
List the prime factors of 29130.
2, 3, 5, 971
What are the prime factors of 160?
2, 5
What are the prime factors of 43534?
2, 21767
List the prime factors of 158.
2, 79
What are the prime factors of 29132?
2, 7283
List the prime factors of 1522.
2, 761
List the prime factors of 2422.
2, 7, 173
List the prime factors of 1102.
2, 19, 29
List the prime factors of 39590.
2, 5, 37, 107
List the prime factors of 30857.
59, 523
What are the prime factors of 404?
2, 101
What are the prime factors of 162?
2, 3
List the prime factors of 52609.
52609
List the prime factors of 1756.
2, 439
What are the prime factors of 78827?
7, 11261
List the prime factors of 62871.
3, 19, 1103
What are the prime factors of 152?
2, 19
List the prime factors of 3107.
13, 239
List the prime factors of 163885.
5, 73, 449
List the prime factors of 32828.
2, 29, 283
What are the prime factors of 1664?
2, 13
List the prime factors of 8376.
2, 3, 349
What are the prime factors of 43861?
23, 1907
What are the prime factors of 87706?
2, 43853
List the prime factors of 15493.
15493
What are the prime factors of 6302?
2, 23, 137
List the prime factors of 2078.
2, 1039
What are the prime factors of 29882?
2, 67, 223
What are the prime factors of 20044?
2, 5011
What are the prime factors of 32423?
32423
What are the prime factors of 106383?
3, 35461
What are the prime factors of 158272?
2, 2473
List the prime factors of 2165.
5, 433
List the prime factors of 123669.
3, 7, 13, 151
What are the prime factors of 1472?
2, 23
List the prime factors of 703.
19, 37
List the prime factors of 12736.
2, 199
What are the prime factors of 9641?
31, 311
List the prime factors of 2328.
2, 3, 97
List the prime factors of 2316.
2, 3, 193
What are the prime factors of 5267?
23, 229
List the prime factors of 483.
3, 7, 23
What are the prime factors of 4292?
2, 29, 37
List the prime factors of 1057.
7, 151
List the prime factors of 94249.
307
List the prime factors of 413.
7, 59
What are the prime factors of 33053?
33053
List the prime factors of 56852.
2, 61, 233
What are the prime factors of 2628?
2, 3, 73
List the prime factors of 8099.
7, 13, 89
What are the prime factors of 23881?
11, 13, 167
What are the prime factors of 43271?
43271
What are the prime factors of 34?
2, 17
What are the prime factors of 5872?
2, 367
What are the prime factors of 485?
5, 97
List the prime factors of 2033.
19, 107
List the prime factors of 26294.
2, 13147
List the prime factors of 855.
3, 5, 19
List the prime factors of 14433.
3, 17, 283
List the prime factors of 47133.
3, 5237
List the prime factors of 24459.
3, 31, 263
What are the prime factors of 7183?
11, 653
List the prime factors of 25093.
23, 1091
List the prime factors of 42457.
42457
What are the prime factors of 2857?
2857
List the prime factors of 4867.
31, 157
What are the prime factors of 8723?
11, 13, 61
What are the prime factors of 19674?
2, 3, 1093
What are the prime factors of 11509?
17, 677
What are the prime factors of 10007?
10007
What are the prime factors of 6643?
7, 13, 73
List the prime factors of 4861.
4861
List the prime factors of 9662.
2, 4831
What are the prime factors of 1733?
1733
What are the prime factors of 26737?
26737
What are the prime factors of 8718?
2, 3, 1453
List the prime factors of 11823.
3, 7, 563
What are the prime factors of 2909?
2909
List the prime factors of 150.
2, 3, 5
What are the prime factors of 4294?
2, 19, 113
What are the prime factors of 1260?
2, 3, 5, 7
What are the prime factors of 6251?
7, 19, 47
List the prime factors of 2035.
5, 11, 37
What are the prime factors of 368?
2, 23
What are the prime factors of 265?
5, 53
List the prime factors of 13164.
2, 3, 1097
What are the prime factors of 136865?
5, 31, 883
What are the prime factors of 194105?
5, 38821
What are the prime factors of 51447?
3, 11, 1559
List the prime factors of 5015.
5, 17, 59
What are the prime factors of 41130?
2, 3, 5, 457
List the prime factors of 5378.
2, 2689
What are the prime factors of 3045?
3, 5, 7, 29
What are the prime factors of 13705?
5, 2741
What are the prime factors of 427?
7, 61
What are the prime factors of 1107?
3, 41
List the prime factors of 223.
223
What are the prime factors of 2199?
3, 733
List the prime factors of 19589.
19, 1031
List the prime factors of 21337.
19, 112